6 is divided by 18.
14
Calculate the remainder when 57144 is divided by 55.
54
Calculate the remainder when 30215 is divided by 1117.
56
What is the remainder when 17009 is divided by 2125?
9
Calculate the remainder when 180412 is divided by 78.
76
What is the remainder when 27893 is divided by 697?
13
What is the remainder when 120954 is divided by 9299?
67
Calculate the remainder when 186546 is divided by 947.
934
What is the remainder when 3677855 is divided by 56?
55
What is the remainder when 2639 is divided by 536?
495
Calculate the remainder when 73639 is divided by 14.
13
What is the remainder when 11471 is divided by 362?
249
What is the remainder when 560 is divided by 135?
20
Calculate the remainder when 10337 is divided by 733.
75
Calculate the remainder when 64677 is divided by 29.
7
Calculate the remainder when 1072127 is divided by 375.
2
Calculate the remainder when 1811 is divided by 1117.
694
What is the remainder when 1323 is divided by 200?
123
What is the remainder when 2035 is divided by 436?
291
Calculate the remainder when 326 is divided by 295.
31
What is the remainder when 109991 is divided by 1134?
1127
What is the remainder when 136097 is divided by 66?
5
What is the remainder when 4671 is divided by 134?
115
Calculate the remainder when 172545 is divided by 36.
33
Calculate the remainder when 691 is divided by 164.
35
Calculate the remainder when 607896 is divided by 4.
0
Calculate the remainder when 124477 is divided by 114.
103
Calculate the remainder when 588740 is divided by 74.
70
What is the remainder when 78469 is divided by 246?
241
What is the remainder when 169040 is divided by 175?
165
What is the remainder when 129105 is divided by 10758?
9
Calculate the remainder when 68600 is divided by 426.
14
Calculate the remainder when 15336 is divided by 1706.
1688
Calculate the remainder when 8920 is divided by 1778.
30
What is the remainder when 5945 is divided by 2948?
49
What is the remainder when 389 is divided by 6?
5
What is the remainder when 29032 is divided by 4?
0
What is the remainder when 3200 is divided by 245?
15
Calculate the remainder when 219686 is divided by 94.
8
Calculate the remainder when 1092 is divided by 20.
12
What is the remainder when 2571 is divided by 136?
123
Calculate the remainder when 9660 is divided by 128.
60
Calculate the remainder when 32653 is divided by 619.
465
What is the remainder when 411807 is divided by 795?
792
What is the remainder when 1316938 is divided by 12?
10
Calculate the remainder when 965 is divided by 90.
65
Calculate the remainder when 571842 is divided by 264.
18
What is the remainder when 56670 is divided by 39?
3
What is the remainder when 12405 is divided by 210?
15
What is the remainder when 64936 is divided by 265?
11
Calculate the remainder when 21950 is divided by 130.
110
What is the remainder when 1044790 is divided by 31?
28
What is the remainder when 204972 is divided by 229?
17
What is the remainder when 74754 is divided by 168?
162
What is the remainder when 350846 is divided by 7?
6
What is the remainder when 6051 is divided by 1286?
907
Calculate the remainder when 6334 is divided by 1313.
1082
What is the remainder when 2032 is divided by 284?
44
What is the remainder when 654320 is divided by 712?
704
What is the remainder when 33993 is divided by 9?
0
What is the remainder when 82952 is divided by 20734?
16
Calculate the remainder when 1530493 is divided by 15.
13
Calculate the remainder when 134549 is divided by 67274.
1
Calculate the remainder when 100641 is divided by 15.
6
What is the remainder when 88967 is divided by 20?
7
Calculate the remainder when 7768 is divided by 600.
568
What is the remainder when 721 is divided by 55?
6
What is the remainder when 23030 is divided by 2117?
1860
Calculate the remainder when 96246 is divided by 22.
18
What is the remainder when 4988 is divided by 2453?
82
Calculate the remainder when 25786 is divided by 1516.
14
What is the remainder when 434 is divided by 148?
138
Calculate the remainder when 42647 is divided by 14108.
323
What is the remainder when 123 is divided by 5?
3
Calculate the remainder when 60732 is divided by 73.
69
What is the remainder when 11300 is divided by 1228?
248
What is the remainder when 3902 is divided by 833?
570
Calculate the remainder when 6920 is divided by 1147.
38
What is the remainder when 26851 is divided by 13421?
9
Calculate the remainder when 16390 is divided by 46.
14
What is the remainder when 21582 is divided by 193?
159
What is the remainder when 87074 is divided by 14512?
2
Calculate the remainder when 112489 is divided by 56238.
13
What is the remainder when 33365 is divided by 33342?
23
Calculate the remainder when 117749 is divided by 328.
325
What is the remainder when 7373 is divided by 164?
157
Calculate the remainder when 11735 is divided by 51.
5
What is the remainder when 17781 is divided by 57?
54
Calculate the remainder when 1539 is divided by 220.
219
What is the remainder when 43175 is divided by 21582?
11
Calculate the remainder when 271 is divided by 266.
5
What is the remainder when 936240 is divided by 312075?
15
Calculate the remainder when 4474 is divided by 33.
19
What is the remainder when 247 is divided by 46?
17
Calculate the remainder when 5782 is divided by 210.
112
Calculate the remainder when 366 is divided by 3.
0
What is the remainder when 26090 is divided by 327?
257
Calculate the remainder when 15810 is divided by 268.
266
Calculate the remainder when 1495 is divided by 35.
25
Calculate the remainder when 182441 is divided by 17.
14
Calculate the remainder when 798763 is divided by 16.
11
Calculate the remainder when 173481 is divided by 269.
245
Calculate the remainder when 41378 is divided by 5.
3
Calculate the remainder when 176405 is divided by 319.
317
Calculate the remainder when 21943 is divided by 2739.
31
What is the remainder when 468656 is divided by 642?
638
What is the remainder when 1129 is divided by 311?
196
What is the remainder when 28282 is divided by 2571?
1
Calculate the remainder when 21966 is divided by 610.
6
Calculate the remainder when 42605 is divided by 3039.
59
What is the remainder when 1037 is divided by 274?
215
What is the remainder when 17537 is divided by 41?
30
What is the remainder when 15355 is divided by 14?
11
Calculate the remainder when 1538 is divided by 40.
18
What is the remainder when 16227 is divided by 208?
3
What is the remainder when 1201 is divided by 415?
371
What is the remainder when 27243 is divided by 87?
12
Calculate the remainder when 29928 is divided by 3715.
208
Calculate the remainder when 145 is divided by 138.
7
Calculate the remainder when 8331 is divided by 3521.
1289
What is the remainder when 254173 is divided by 84716?
25
What is the remainder when 30142 is divided by 23?
12
What is the remainder when 4717 is divided by 275?
42
What is the remainder when 37404 is divided by 29?
23
Calculate the remainder when 2071 is divided by 2019.
52
What is the remainder when 107593 is divided by 165?
13
What is the remainder when 3504 is divided by 855?
84
What is the remainder when 12036 is divided by 40?
36
Calculate the remainder when 18537 is divided by 232.
209
What is the remainder when 10435647 is divided by 870?
867
Calculate the remainder when 18966 is divided by 186.
180
Calculate the remainder when 901 is divided by 56.
5
What is the remainder when 1228 is divided by 204?
4
What is the remainder when 1051 is divided by 1031?
20
Calculate the remainder when 114657 is divided by 1092.
1089
Calculate the remainder when 96417 is divided by 12051.
9
Calculate the remainder when 14384 is divided by 6378.
1628
What is the remainder when 15704 is divided by 3925?
4
What is the remainder when 13864 is divided by 1921?
417
Calculate the remainder when 11190 is divided by 224.
214
Calculate the remainder when 28749 is divided by 75.
24
Calculate the remainder when 4705 is divided by 671.
8
Calculate the remainder when 3258 is divided by 913.
519
Calculate the remainder when 131977 is divided by 4.
1
Calculate the remainder when 3195 is divided by 79.
35
Calculate the remainder when 158752 is divided by 1484.
1448
Calculate the remainder when 2173 is divided by 